[INFO] fetching crate wigner-symbols 0.3.0...
[INFO] checking wigner-symbols-0.3.0 against master#af3c6e733a40e671550e0f0f5aeecaa13772ba56 for pr-74989
[INFO] extracting crate wigner-symbols 0.3.0 into /workspace/builds/worker-9/source
[INFO] validating manifest of crates.io crate wigner-symbols 0.3.0 on toolchain af3c6e733a40e671550e0f0f5aeecaa13772ba56
[INFO] running `Command { std: "/workspace/cargo-home/bin/cargo" "+af3c6e733a40e671550e0f0f5aeecaa13772ba56" "read-manifest" "--manifest-path" "Cargo.toml", kill_on_drop: false }`
[INFO] started tweaking crates.io crate wigner-symbols 0.3.0
[INFO] finished tweaking crates.io crate wigner-symbols 0.3.0
[INFO] tweaked toml for crates.io crate wigner-symbols 0.3.0 written to /workspace/builds/worker-9/source/Cargo.toml
[INFO] running `Command { std: "/workspace/cargo-home/bin/cargo" "+af3c6e733a40e671550e0f0f5aeecaa13772ba56" "generate-lockfile" "--manifest-path" "Cargo.toml" "-Zno-index-update", kill_on_drop: false }`
[INFO] running `Command { std: "/workspace/cargo-home/bin/cargo" "+af3c6e733a40e671550e0f0f5aeecaa13772ba56" "fetch" "--locked" "--manifest-path" "Cargo.toml", kill_on_drop: false }`
[INFO] running `Command { std: "docker" "create" "-v" "/var/lib/crater-agent-workspace/builds/worker-9/target:/opt/rustwide/target:rw,Z" "-v" "/var/lib/crater-agent-workspace/builds/worker-9/source:/opt/rustwide/workdir:ro,Z" "-v" "/var/lib/crater-agent-workspace/cargo-home:/opt/rustwide/cargo-home:ro,Z" "-v" "/var/lib/crater-agent-workspace/rustup-home:/opt/rustwide/rustup-home:ro,Z" "-e" "SOURCE_DIR=/opt/rustwide/workdir" "-e" "CARGO_TARGET_DIR=/opt/rustwide/target" "-e" "CARGO_HOME=/opt/rustwide/cargo-home" "-e" "RUSTUP_HOME=/opt/rustwide/rustup-home" "-w" "/opt/rustwide/workdir" "-m" "1610612736" "--user" "0:0" "--network" "none" "rustops/crates-build-env@sha256:d92eaeed33fa75130ca1ee6c8a01d1ffb62bac859dfdfb3450e3e5d1c0146529" "/opt/rustwide/cargo-home/bin/cargo" "+af3c6e733a40e671550e0f0f5aeecaa13772ba56" "metadata" "--no-deps" "--format-version=1", kill_on_drop: false }`
[INFO] [stdout] 96d64f52bc210d195086ccad972b3fd3e13d3514e56244064b49cf48c53da1da
[INFO] [stderr] WARNING: Your kernel does not support swap limit capabilities or the cgroup is not mounted. Memory limited without swap.
[INFO] running `Command { std: "docker" "start" "-a" "96d64f52bc210d195086ccad972b3fd3e13d3514e56244064b49cf48c53da1da", kill_on_drop: false }`
[INFO] running `Command { std: "docker" "inspect" "96d64f52bc210d195086ccad972b3fd3e13d3514e56244064b49cf48c53da1da", kill_on_drop: false }`
[INFO] running `Command { std: "docker" "rm" "-f" "96d64f52bc210d195086ccad972b3fd3e13d3514e56244064b49cf48c53da1da", kill_on_drop: false }`
[INFO] [stdout] 96d64f52bc210d195086ccad972b3fd3e13d3514e56244064b49cf48c53da1da
[INFO] running `Command { std: "docker" "create" "-v" "/var/lib/crater-agent-workspace/builds/worker-9/target:/opt/rustwide/target:rw,Z" "-v" "/var/lib/crater-agent-workspace/builds/worker-9/source:/opt/rustwide/workdir:ro,Z" "-v" "/var/lib/crater-agent-workspace/cargo-home:/opt/rustwide/cargo-home:ro,Z" "-v" "/var/lib/crater-agent-workspace/rustup-home:/opt/rustwide/rustup-home:ro,Z" "-e" "SOURCE_DIR=/opt/rustwide/workdir" "-e" "CARGO_TARGET_DIR=/opt/rustwide/target" "-e" "CARGO_INCREMENTAL=0" "-e" "RUST_BACKTRACE=full" "-e" "RUSTFLAGS=--cap-lints=forbid" "-e" "CARGO_HOME=/opt/rustwide/cargo-home" "-e" "RUSTUP_HOME=/opt/rustwide/rustup-home" "-w" "/opt/rustwide/workdir" "-m" "1610612736" "--user" "0:0" "--network" "none" "rustops/crates-build-env@sha256:d92eaeed33fa75130ca1ee6c8a01d1ffb62bac859dfdfb3450e3e5d1c0146529" "/opt/rustwide/cargo-home/bin/cargo" "+af3c6e733a40e671550e0f0f5aeecaa13772ba56" "check" "--frozen" "--all" "--all-targets" "--message-format=json", kill_on_drop: false }`
[INFO] [stdout] ba78ac1420c6e5bb3c2c36ffc53ca01cb54c5862695feb257095c36811fbe3b8
[INFO] [stderr] WARNING: Your kernel does not support swap limit capabilities or the cgroup is not mounted. Memory limited without swap.
[INFO] running `Command { std: "docker" "start" "-a" "ba78ac1420c6e5bb3c2c36ffc53ca01cb54c5862695feb257095c36811fbe3b8", kill_on_drop: false }`
[INFO] [stderr]    Compiling gmp-mpfr-sys v1.4.0
[INFO] [stderr]    Compiling rug v0.9.3
[INFO] [stderr]     Checking md5 v0.3.8
[INFO] [stderr]     Checking permutohedron v0.2.4
[INFO] [stderr]     Checking rand v0.4.6
[INFO] [stdout] error[E0308]: mismatched types
[INFO] [stdout]     --> /opt/rustwide/cargo-home/registry/src/github.com-1ecc6299db9ec823/rug-0.9.3/src/ext/gmp.rs:1393:46
[INFO] [stdout]      |
[INFO] [stdout] 1393 |         let abs_popcount = gmp::mpn_popcount((*op).d, abs_size);
[INFO] [stdout]      |                                              ^^^^^^^ expected *-ptr, found struct `NonNull`
[INFO] [stdout]      |
[INFO] [stdout]      = note: expected raw pointer `*const u64`
[INFO] [stdout]                      found struct `NonNull<u64>`
[INFO] [stdout] 
[INFO] [stdout] 
[INFO] [stdout] error[E0308]: mismatched types
[INFO] [stdout]     --> /opt/rustwide/cargo-home/registry/src/github.com-1ecc6299db9ec823/rug-0.9.3/src/ext/gmp.rs:1394:40
[INFO] [stdout]      |
[INFO] [stdout] 1394 |         let first_one = gmp::mpn_scan1((*op).d, 0);
[INFO] [stdout]      |                                        ^^^^^^^ expected *-ptr, found struct `NonNull`
[INFO] [stdout]      |
[INFO] [stdout]      = note: expected raw pointer `*const u64`
[INFO] [stdout]                      found struct `NonNull<u64>`
[INFO] [stdout] 
[INFO] [stdout] 
[INFO] [stdout] error[E0308]: mismatched types
[INFO] [stdout]     --> /opt/rustwide/cargo-home/registry/src/github.com-1ecc6299db9ec823/rug-0.9.3/src/ext/gmp.rs:1406:34
[INFO] [stdout]      |
[INFO] [stdout] 1406 |         cast(gmp::mpn_sizeinbase((*op).d, cast(size), 2));
[INFO] [stdout]      |                                  ^^^^^^^ expected *-ptr, found struct `NonNull`
[INFO] [stdout]      |
[INFO] [stdout]      = note: expected raw pointer `*const u64`
[INFO] [stdout]                      found struct `NonNull<u64>`
[INFO] [stdout] 
[INFO] [stdout] 
[INFO] [stdout] error[E0308]: mismatched types
[INFO] [stdout]     --> /opt/rustwide/cargo-home/registry/src/github.com-1ecc6299db9ec823/rug-0.9.3/src/ext/gmp.rs:1407:36
[INFO] [stdout]      |
[INFO] [stdout] 1407 |     let first_one = gmp::mpn_scan1((*op).d, 0);
[INFO] [stdout]      |                                    ^^^^^^^ expected *-ptr, found struct `NonNull`
[INFO] [stdout]      |
[INFO] [stdout]      = note: expected raw pointer `*const u64`
[INFO] [stdout]                      found struct `NonNull<u64>`
[INFO] [stdout] 
[INFO] [stdout] 
[INFO] [stdout] error[E0599]: no method named `offset` found for struct `NonNull<u64>` in the current scope
[INFO] [stdout]     --> /opt/rustwide/cargo-home/registry/src/github.com-1ecc6299db9ec823/rug-0.9.3/src/ext/gmp.rs:1422:13
[INFO] [stdout]      |
[INFO] [stdout] 1422 |     *(*z).d.offset(index)
[INFO] [stdout]      |             ^^^^^^ method not found in `NonNull<u64>`
[INFO] [stdout] 
[INFO] [stdout] 
[INFO] [stdout] error[E0599]: no method named `offset` found for struct `NonNull<u64>` in the current scope
[INFO] [stdout]     --> /opt/rustwide/cargo-home/registry/src/github.com-1ecc6299db9ec823/rug-0.9.3/src/ext/gmp.rs:1427:12
[INFO] [stdout]      |
[INFO] [stdout] 1427 |     (*z).d.offset(index)
[INFO] [stdout]      |            ^^^^^^ method not found in `NonNull<u64>`
[INFO] [stdout] 
[INFO] [stdout] 
[INFO] [stdout] error[E0308]: mismatched types
[INFO] [stdout]   --> /opt/rustwide/cargo-home/registry/src/github.com-1ecc6299db9ec823/rug-0.9.3/src/integer/traits.rs:69:56
[INFO] [stdout]    |
[INFO] [stdout] 69 |             let slice = unsafe { slice::from_raw_parts(self.inner().d, limbs) };
[INFO] [stdout]    |                                                        ^^^^^^^^^^^^^^ expected *-ptr, found struct `NonNull`
[INFO] [stdout]    |
[INFO] [stdout]    = note: expected raw pointer `*const _`
[INFO] [stdout]                    found struct `NonNull<u64>`
[INFO] [stdout] 
[INFO] [stdout] 
[INFO] [stdout] error: aborting due to 7 previous errors
[INFO] [stdout] 
[INFO] [stdout] 
[INFO] [stdout] Some errors have detailed explanations: E0308, E0599.
[INFO] [stdout] 
[INFO] [stdout] For more information about an error, try `rustc --explain E0308`.
[INFO] [stdout] 
[INFO] [stderr] error: could not compile `rug`.
[INFO] [stderr] 
[INFO] [stderr] To learn more, run the command again with --verbose.
[INFO] running `Command { std: "docker" "inspect" "ba78ac1420c6e5bb3c2c36ffc53ca01cb54c5862695feb257095c36811fbe3b8", kill_on_drop: false }`
[INFO] running `Command { std: "docker" "rm" "-f" "ba78ac1420c6e5bb3c2c36ffc53ca01cb54c5862695feb257095c36811fbe3b8", kill_on_drop: false }`
[INFO] [stdout] ba78ac1420c6e5bb3c2c36ffc53ca01cb54c5862695feb257095c36811fbe3b8
